et b = -14322 + 14314. Calculate y(b).
-2
Let f(y) = y**2 - 13*y - 17. Let k = 448 + -434. Give f(k).
-3
Let l(k) = -1. Let a(x) = 12 - 2*x - 3*x - 2*x + 4*x. Let i(b) = a(b) + 18*l(b). What is i(-5)?
9
Let x(u) = 6*u**2 - u**2 + u**3 - 2*u**3 - 5 + 1. What is x(4)?
12
Let v(o) = 2*o - 3. Suppose -37 + 62 = -5*m. Calculate v(m).
-13
Let b(d) be the first derivative of d**3/3 - 5*d**2/2 - d + 41. Let j be 5/4 + (-4)/16. Let n(l) = 6*l - 1. Let q be n(j). What is b(q)?
-1
Let v(g) = -12*g**2 + g - 4. Let l(y) = -10*y**2 - 3. Let j(b) = 4*l(b) - 3*v(b). Give j(-3).
-27
Let n(l) be the third derivative of -l**4/8 + 40*l**2 - 1. Suppose o + 4*j = 12, 7 = -o + 2*j - 5. Calculate n(o).
12
Let c(x) = -6*x - 4. Let k = 544 - 570. Let j(n) = 3*n**3 + n**2 - 4*n + 3. Let u be j(2). Let y = k + u. Give c(y).
14
Let t(s) = s**3 - 7*s**2 - 7*s + 3. Let x be 12/(-4) + -12 + 4. Let o(m) = m**2 + 10*m - 3. Let l be o(x). Determine t(l).
11
Let h(x) be the second derivative of 38 - 7/2*x**2 - 2/3*x**3 + 1/12*x**4 + x. Determine h(6).
5
Let w(n) be the third derivative of -n**7/280 - n**6/360 + n**5/120 + n**4/12 - 37*n**3/6 + 38*n**2. Let h(p) be the first derivative of w(p). Calculate h(2).
-24
Let d(l) be the third derivative of -l**4/24 + 8*l**3/3 + 5*l**2 - 89. Give d(8).
8
Let f(a) = a - 1. Let r(w) = -7*w + 6. Suppose -1 = z + 4*z - 4*x, 2*x + 2 = 0. Let s(n) = z*r(n) - 4*f(n). Determine s(2).
4
Let q(i) = i**3 + 12*i**2 + 34*i - 17. Let x be q(-7). Let r(c) = -2*c - 21. Calculate r(x).
-1
Let c(v) = 2*v - 6. Suppose 9 = p - 1. Let m be (25/p)/(2/4). Suppose 2*u - m*o - 6 + 0 = 0, -8 = -4*o. What is c(u)?
10
Suppose z + 4*k = 91, 4*z + 3*k - 114 = 237. Suppose 89*i - 2 = z*i. Let a(f) = 4*f**2 + 3*f - 3*f**2 - 1 - 2*f. What is a(i)?
1
Let m(y) be the first derivative of -y**7/840 - y**6/120 + y**5/40 + y**4/12 + y**3/3 + 2*y**2 - 30. Let g(s) be the third derivative of m(s). Give g(-4).
6
Let m(w) be the third derivative of w**4/24 + w**3/6 - 128*w**2. Determine m(-4).
-3
Let z(s) = 14*s - 11. Let v(t) = -5*t + 4. Let m(c) = -11*v(c) - 4*z(c). Let n be m(-3). Let u(g) = 5*g - 4. Determine u(n).
11
Let o(x) = -x**3 - 4 - 7*x + 4*x + 2*x - 5*x**2 + 2*x - 3*x. Determine o(-5).
6
Let a(r) = 0*r - 17*r + 6*r - r. Give a(1).
-12
Let k(f) = f**2 + 8*f - 12. Let b = -872 - -862. What is k(b)?
8
Let a = 63 + -69. Let m(r) = -r**3 - 7*r**2 - 6*r + 2. Determine m(a).
2
Let n(v) = 5*v**3 + 9*v**2 - 2*v - 5. Let r be n(-2). Let q(a) = -a + 1. Let p(w) = 2*w**2 + 9*w - 9. Let s(u) = -p(u) - 3*q(u). Calculate s(r).
-14
Let x(k) = -k + 7. Let y(j) = -2*j + 13. Let a(s) = -11*x(s) + 6*y(s). Suppose 14*l = 84*l - 490. Calculate a(l).
-6
Let v(l) be the second derivative of l**3/6 + l**2/2 - 9*l. Let r = 157 - 159. Determine v(r).
-1
Let p(u) = -3*u + 16. Let o(r) = 4*r - 17. Let k(a) = -2*o(a) - 3*p(a). What is k(8)?
-6
Let s(p) be the first derivative of -3*p**2/2 + 22*p + 150. Calculate s(5).
7
Suppose 5*q = v - 4*v - 18, -v - 1 = 0. Let k(d) = 76*d**2 + d - 1. Let i be k(1). Let r(u) = -33 - u + i - 43. Calculate r(q).
3
Let b(q) be the second derivative of 5*q**3/3 + 5*q**2/2 + 203*q + 2. Calculate b(-2).
-15
Let r(f) = -5*f - 2. Let o = -277 + 280. Determine r(o).
-17
Let r(k) = -2*k**2 + 56*k + 63. Let a be r(29). Suppose 0*l - 42 = 4*l - a*u, 5*l + 50 = 5*u. Let i(q) = q - 4. Determine i(l).
-12
Let z(f) be the first derivative of f**3/6 - f**2 + f + 29. Let s(u) be the first derivative of z(u). Calculate s(0).
-2
Let f(w) = 143*w - 148*w - 3*w**3 + 2*w**3 - 6 + 7*w**2. Let k(a) = 3*a - 27. Let r be k(11). Determine f(r).
0
Suppose -16 = -5*x - 2*z, -4*z - 1 + 13 = 5*x. Suppose -5*f = -q + 22, 4*q + 7 = 5*f - x*f. Let d(b) = -b**2 + 5*b + 2. Give d(q).
-22
Let x(k) = -k**3 - 4*k**2 + 7*k + 2. Let l be 9*(-2 - (-28)/12). Suppose l*v - 6 = -3. Let p be v*(-1)/1*5. Determine x(p).
-8
Let m(f) = 16*f - 26. Let w(y) = -9*y + 14. Let q(g) = -3*m(g) - 5*w(g). Determine q(12).
-28
Suppose 0*a = -6*a + 36. Let c(r) = 3*r + 3. Let i(m) = 3*m + 3. Let t(k) = a*i(k) - 5*c(k). Let l be -1 - 0 - (3 + 1). Calculate t(l).
-12
Let x(o) be the second derivative of o**4/6 + o**3/3 - 9*o**2/2 - 2*o + 17. What is x(-4)?
15
Let d(c) = c + 5. Let v(f) = f + 6. Let k(b) = 6*d(b) - 5*v(b). Suppose 0 = 2*l + 13 - 25. What is k(l)?
6
Let v(z) = z**2 + 3*z - 2. Let h(s) = -s**2 - 2*s + 2. Let u(g) = 4*h(g) + 3*v(g). Give u(-2).
-4
Let k(l) = l**3 + 4*l**2 + 2*l + 2. Suppose 23*z = 20*z + 33. Suppose 3*g + z = 2. Calculate k(g).
5
Let c(z) = -2*z**2 - 12*z - 7. Let r be ((-1)/(-2))/(3/(-36)). Let k be c(r). Let j(u) = -u**2 - 6*u + 9. Give j(k).
2
Let u = 12 - 13. Let b be -1*u/((-1)/(-1)). Let p(c) be the first derivative of c**3 - c + 4. What is p(b)?
2
Let w(i) = -i + 0 + 2*i + 1. Suppose -4*c - 3 = -u, 5*c + 9 + 0 = 3*u. Suppose -3*n + 3*t = 22 + 11, 4*n + u*t = -9. Calculate w(n).
-5
Let v be 3/((-3 + 6)/3). Suppose 43 = -8*a + v. Let d(c) = c**2 + 6*c + 7. Give d(a).
2
Let y(f) = -8 - 9*f**3 - 7*f - 138*f**2 - 4*f + 127*f**2 + 8*f**3. Give y(-10).
2
Let l(n) = 7*n. Let q(m) = -6*m + 44. Let k(u) = -5*u + 46. Let d(t) = 4*k(t) - 3*q(t). Let h be d(25). What is l(h)?
14
Let n = -8 - -5. Let y(v) be the second derivative of v**3/6 + 2*v**2 - 20*v. Determine y(n).
1
Let y(j) be the first derivative of 0*j**2 - 1/3*j**3 - 28 + 2*j. Suppose 0 = -5*z - 3*r + 21, 0*z + 5*r = -z + 13. Determine y(z).
-7
Let q(h) = h - 27. Let l(s) = -s + 59. Let a(t) = -4*l(t) - 9*q(t). What is a(-6)?
37
Let a(p) = -2*p + 10. Let f(y) = -4*y**3 + 6*y**2 - y - 5. Let w(z) = 3*z**3 - 5*z**2 + z + 5. Let j(t) = -2*f(t) - 3*w(t). Let n be j(3). Determine a(n).
26
Let q(x) = -100 + x + 52 + 7*x + 49. Let m(t) = -t**2 + t + 1. Let n be m(0). Suppose n = -0*f + f. What is q(f)?
9
Let i be (1 - 63)/((-3)/6). Let a(v) = i + v - 251 + 117. What is a(7)?
-3
Let q be (-8)/(-3)*6/(-4). Let r(n) be the third derivative of n**4/24 - n**3/2 + 5*n**2 + n. What is r(q)?
-7
Suppose -5*h - 5*g - 20 = 0, 3*h + 0*h + g + 14 = 0. Let i(p) be the first derivative of p**3/3 + 5*p**2/2 - 5*p - 2. What is i(h)?
-5
Let q(v) = 7*v**2 - 4*v - 1. Let o(l) be the second derivative of -7*l**4/12 + 5*l**3/6 + l**2 - 13*l. Let u(d) = 2*o(d) + 3*q(d). What is u(1)?
6
Let o(v) = 2*v**3 - v**2 - 2*v - 1. Let l(z) = 14*z**3 - 5*z**2 - 10*z - 4. Let b(f) = l(f) - 6*o(f). Suppose 0*q - q = 2. Calculate b(q).
-14
Suppose -4*o = -7*o + 6. Let x = 0 + o. Let p(i) = -27*i + 2 + 1 + 26*i + 1 + i**x. Determine p(4).
16
Let l(s) be the second derivative of s**4/12 + s**3/2 + 4*s**2 - 77*s. Determine l(-6).
26
Let k be (-1 + 1/1)/2. Suppose 5*m - 2*x = k, 0*m - 3 = m - x. Let g(h) = 10*h**2 - 11*h**m + 2 - 9*h + 3*h. Calculate g(-6).
2
Let d(l) = -4*l - 3. Suppose 2*v - 3*a = 2*a - 15, 10 = 2*a. Suppose -6 = -3*s, -5*s = -v*o - 21 + 1. What is d(o)?
5
Let s(t) = t**3 + 12*t**2 - 13*t - 5. Let o be s(-13). Let r be 4 - (o/1 + 2). Let a(i) = -i**2 + 5*i + 9. What is a(r)?
-5
Let f(g) = -g + 6. Suppose -5*n + 15 = -5*y, 0*n + 3 = -3*n. Let z(k) = 3*k - 17. Let p(m) = y*z(m) - 11*f(m). Determine p(6).
-4
Let x = 13 - 20. Let z(s) = -3*s - 15. Let k be z(x). Let i(c) = c**2 - 3*c - 7. Give i(k).
11
Suppose 6 = 2*d + u, d + 23*u = 25*u + 8. Let s(a) = 3 - 4 + 1 + 1 - d*a. Suppose 2*n - 4*y = 14, -4*n - 2*y - 2 = 10. Calculate s(n).
5
Let a(k) be the third derivative of -4/3*k**3 + 0*k + 7/60*k**5 - 1/120*k**6 + k**2 - 1/6*k**4 + 0. Suppose -x = -0*x - 6. Give a(x).
4
Let v(d) = -d + 6. Let i be (16/(-6)*(-75)/(-20))/(-2). Calculate v(i).
1
Let o(q) = q**2 + 3*q. Let z = 1651 - 1657. What is o(z)?
18
Let w(q) be the third derivative of -q**5/60 + 3*q**4/8 - 4*q**3/3 - q**2. Let u = 792 + -783. Calculate w(u).
-8
Let s(u) = -8*u**3 - 1. Let z = 19 + -20. Determine s(z).
7
Let t = 378 + -384. Let q(w) = w**3 + 6*w**2 - 2*w - 2. Calculate q(t).
10
Let p(r) = r**3 + 7*r**2 + 4*r - 10. Let z be p(-6). Suppose 0 = z*y - 3*y + 2, -4*t + 2 = -y. Let g(n) = 2*n**3 - 2*n + 1. Give g(t).
1
Let d(c) = -7*c**3 + c**2. Let y = 42 + -39. Suppose 3*r + 0 + y = 0. What is d(r)?
8
Let i = -17 - -24. Let v be (-129)/(-6) + 2/(-4). Let c(g) = v - 50 + 13 + g + 13. Calculate c(i).
4
Let t(s) = -s**2 - 3*s + 1. Let y = 11 + -11. Suppose y*p - 12 = 3*p. Determine t(p).
-3
Let r(z) be th